f 87328800?
0
What is the hundred millions digit of 102848923?
1
What is the hundreds digit of 6209562446?
4
What is the units digit of 1437432599?
9
What is the tens digit of 163712239?
3
What is the units digit of 34677235?
5
What is the thousands digit of 968490033?
0
What is the thousands digit of 87713088?
3
What is the hundreds digit of 323192276?
2
What is the tens digit of 195070876?
7
What is the tens digit of 60189573?
7
What is the ten thousands digit of 98441722?
4
What is the tens digit of 463794687?
8
What is the hundred millions digit of 1337901471?
3
What is the hundred thousands digit of 311565?
3
What is the units digit of 16566312?
2
What is the units digit of 158568674?
4
What is the millions digit of 1349490292?
9
What is the units digit of 1147566977?
7
What is the hundred millions digit of 679993606?
6
What is the ten thousands digit of 1840535624?
3
What is the tens digit of 1906516296?
9
What is the ten thousands digit of 4512673276?
7
What is the tens digit of 2423958125?
2
What is the units digit of 4899689480?
0
What is the millions digit of 19085648?
9
What is the hundreds digit of 208198434?
4
What is the tens digit of 30360585?
8
What is the billions digit of 4535706656?
4
What is the units digit of 19209687?
7
What is the tens digit of 304617218?
1
What is the millions digit of 815269802?
5
What is the tens digit of 505012471?
7
What is the units digit of 21324878?
8
What is the hundred millions digit of 3890737326?
8
What is the millions digit of 252028513?
2
What is the thousands digit of 4658332957?
2
What is the thousands digit of 1072432616?
2
What is the tens digit of 16823445?
4
What is the ten millions digit of 791000734?
9
What is the ten thousands digit of 11399256?
9
What is the hundred thousands digit of 408373696?
3
What is the millions digit of 132948071?
2
What is the hundreds digit of 105383498?
4
What is the hundred millions digit of 207569319?
2
What is the ten thousands digit of 598271172?
7
What is the hundred millions digit of 104626166?
1
What is the units digit of 47132593?
3
What is the ten millions digit of 883967600?
8
What is the ten millions digit of 573202061?
7
What is the millions digit of 256049890?
6
What is the hundred thousands digit of 163899351?
8
What is the millions digit of 3042394197?
2
What is the hundreds digit of 250285730?
7
What is the hundred thousands digit of 801558156?
5
What is the units digit of 1113314352?
2
What is the tens digit of 250595908?
0
What is the ten thousands digit of 36913113?
1
What is the tens digit of 2835834625?
2
What is the hundred thousands digit of 130873629?
8
What is the ten millions digit of 4332979096?
3
What is the hundreds digit of 580373191?
1
What is the ten thousands digit of 2579525029?
2
What is the tens digit of 1397424328?
2
What is the ten thousands digit of 1158055650?
5
What is the billions digit of 3938385992?
3
What is the hundred thousands digit of 928566079?
5
What is the thousands digit of 233094421?
4
What is the ten thousands digit of 9466480?
6
What is the hundred thousands digit of 81574896?
5
What is the hundred thousands digit of 72997553?
9
What is the units digit of 178567193?
3
What is the tens digit of 27831693?
9
What is the units digit of 441534061?
1
What is the hundreds digit of 1074784824?
8
What is the hundreds digit of 1410251094?
0
What is the units digit of 146282098?
8
What is the thousands digit of 215857012?
7
What is the thousands digit of 152229005?
9
What is the millions digit of 2498903976?
8
What is the ten thousands digit of 1956021343?
2
What is the thousands digit of 97678585?
8
What is the units digit of 3141446?
6
What is the thousands digit of 84480028?
0
What is the ten thousands digit of 86625580?
2
What is the units digit of 790005124?
4
What is the hundreds digit of 216847014?
0
What is the tens digit of 1085642001?
0
What is the ten millions digit of 918412357?
1
What is the tens digit of 488292116?
1
What is the hundred thousands digit of 998315183?
3
What is the thousands digit of 320653106?
3
What is the hundreds digit of 650618043?
0
What is the hundreds digit of 34938388?
3
What is the billions digit of 1021578153?
1
What is the hundred thousands digit of 43802069?
8
What is the units digit of 447516486?
6
What is the ten thousands digit of 40797069?
9
What is the units digit of 384629282?
2
What is the ten millions digit of 228151712?
2
What is the ten thousands digit of 806441712?
4
What is the millions digit of 2234263128?
4
What is the units digit of 1740852024?
4
What is the millions digit of 3316735598?
6
What is the millions digit of 1876676556?
6
What is the hundreds digit of 54121640?
6
What is the thousands digit of 1340632216?
2
What is the ten millions digit of 115835536?
1
What is the hundreds digit of 840521300?
3
What is the ten millions digit of 914554829?
1
What is the hundred millions digit of 4619447816?
6
What is the ten millions digit of 3908707794?
0
What is the millions digit of 5447609?
5
What is the ten millions digit of 42516258?
4
What is the tens digit of 1329069325?
2
What is the ten thousands digit of 830730416?
3
What is the hundred thousands digit of 1939997802?
9
What is the hundred millions digit of 585828932?
5
What is the billions digit of 4692662674?
4
What is the millions digit of 92109597?
2
What is the thousands digit of 118244200?
4
What is the billions digit of 1705488740?
1
What is the thousands digit of 174207932?
7
What is the tens digit of 43172528?
2
What is the ten millions digit of 275576209?
7
What is the millions digit of 190105620?
0
What is the units digit of 3748738646?
6
What is the ten thousands digit of 3552201?
5
What is the billions digit of 1406637114?
1
What is the ten thousands digit of 42286658?
8
What is the tens digit of 137293860?
6
What is the ten millions digit of 158673832?
5
What is the hundred millions digit of 3917526712?
9
What is the tens digit of 960169820?
2
What is the hundreds digit of 62363912?
9
What is the tens digit of 336777265?
6
What is the thousands digit of 1808223248?
3
What is the millions digit of 1088146643?
8
What is the millions digit of 556420733?
6
What is the hundreds digit of 71079358?
3
What is the hundred millions digit of 456253744?
4
What is the thousands digit of 30053533?
3
What is the ten thousands digit of 204558429?
5
What is the hundreds digit of 765841?
8
What is the tens digit of 90779172?
7
What is the hundreds digit of 1634170674?
6
What is the millions digit of 1558052140?
8
What is the ten millions digit of 236040791?
3
What is the hundred thousands digit of 2029316734?
3
What is the hundreds digit of 1067369867?
8
What is the millions digit of 820754258?
0
What is the tens digit of 180387182?
8
What is the thousands digit of 2573759894?
9
What is the hundred thousands digit of 2306605775?
6
What is the ten thousands digit of 130161396?
6
What is the hundred thousands digit of 1406961631?
9
What is the hundred thousands digit of 54897222?
8
What is the thousands digit of 810436155?
6
What is the hundred thousands digit of 886988220?
9
What is the hundred millions digit of 188454528?
1
What is the ten millions digit of 19955372?
1
What is the millions digit of 5519628?
5
What is the ten thousands digit of 245131979?
3
What is the thousands digit of 16324074?
4
What is the hundreds digit of 24154756?
7
What is the hundred thousands digit of 6740924186?
9
What is the units digit of 80077453?
3
What is the ten thousands digit of 271126274?
2
What is the ten millions digit of 49283690?
4
What is the tens digit of 189722431?
3
What is the billions digit of 5062639839?
5
What is the hundreds digit of 141806794?
7
What is the ten thousands digit of 121558607?
5
What is the hundreds digit of 1178898017?
0
What is the millions digit of 1064930032?
4
What is the units digit of 591070488?
8
What is the millions digit of 45120420?
5
What is the units digit of 647366565?
5
What is the hundred thousands digit of 791968931?
9
What is the ten millions digit of 1173629530?
7
What is the ten thousands digit of 1242684555?
8
What is the units digit of 45269104?
4
What is the hundred millions digit of 6715420575?
7
What is the hundred thousands digit of 3457986332?
9
What is the h